{"id":13,"date":"2016-06-28T20:23:46","date_gmt":"2016-06-28T18:23:46","guid":{"rendered":"http:\/\/lebensart-usedom.de\/wordpress\/zahlungsweisen\/"},"modified":"2016-12-10T12:39:28","modified_gmt":"2016-12-10T11:39:28","slug":"zahlungsweisen","status":"publish","type":"page","link":"https:\/\/lebensart-usedom.de\/wordpress\/zahlungsweisen\/","title":{"rendered":"Zahlungsart"},"content":{"rendered":"<p><strong><em>Zahlung ausschlie\u00dflich per Vorkasse<\/em><\/strong><\/p>\n<p>Zzgl. Versandkosten von 6,70 Euro innerhalb Deutschlands.<br \/>\nF\u00fcr M\u00f6bel fallen h\u00f6here Versandkosten an, da sie \u00fcber eine Spedition verschickt werden.<\/p>\n<p>Die in den jeweiligen Angeboten angef&uuml;hrten Preise stellen Endpreise dar. Sie beinhalten alle Preisbestandteile einschlie&szlig;lich etwaig anfallender Steuern wie Mehrwertsteuer. Nur bei grenz&uuml;berschreitender Lieferung k&ouml;nnen im Einzelfall weitere Steuern (z.B. im Falle eines innergemeinschaftlichen Erwerbs) und\/oder Abgaben (z.B. Z&ouml;lle) von Ihnen zu zahlen sein, jedoch nicht an den Verk&auml;ufer, sondern an die dort zust&auml;ndigen Zoll- bzw. Steuerbeh&ouml;rden. Die anfallenden Liefer- und Versandkosten sind nicht im Kaufpreis enthalten, sie sind &uuml;ber die Seite \u201eVersandkosten\u201c aufrufbar, werden im Laufe des Bestellvorganges gesondert ausgewiesen und sind von Ihnen zus&auml;tzlich zu tragen.<\/p>\n<p>Bitte &uuml;berweisen Sie den Gesamtbetrag Ihrer Bestellung auf unser Konto:<\/p>\n<p>Kontoinhaber: Annette Loock-Saadi<br \/>\nKontonummer: 0001001248<br \/>\nBLZ: 13061008<br \/>\nKreditinstitut: Volksbank Wolgast<br \/>\nSWIFT: GENODEF1WOG<br \/>\nIBAN: DE31 1306 1008 0001 0012 48<\/p>\n","protected":false},"excerpt":{"rendered":"<p>Zahlung ausschlie\u00dflich per Vorkasse Zzgl. Versandkosten von 6,70 Euro innerhalb Deutschlands. F\u00fcr M\u00f6bel fallen h\u00f6here Versandkosten an, da sie \u00fcber eine Spedition verschickt werden. Die in den jeweiligen Angeboten angef&uuml;hrten Preise stellen Endpreise dar. Sie beinhalten alle Preisbestandteile einschlie&szlig;lich etwaig anfallender Steuern wie Mehrwertsteuer. Nur bei grenz&uuml;berschreitender Lieferung k&ouml;nnen im Einzelfall weitere Steuern (z.B. im [&hellip;]<\/p>\n","protected":false},"author":1,"featured_media":0,"parent":0,"menu_order":0,"comment_status":"closed","ping_status":"closed","template":"","meta":{"_bbp_topic_count":0,"_bbp_reply_count":0,"_bbp_total_topic_count":0,"_bbp_total_reply_count":0,"_bbp_voice_count":0,"_bbp_anonymous_reply_count":0,"_bbp_topic_count_hidden":0,"_bbp_reply_count_hidden":0,"_bbp_forum_subforum_count":0},"_links":{"self":[{"href":"https:\/\/lebensart-usedom.de\/wordpress\/wp-json\/wp\/v2\/pages\/13"}],"collection":[{"href":"https:\/\/lebensart-usedom.de\/wordpress\/wp-json\/wp\/v2\/pages"}],"about":[{"href":"https:\/\/lebensart-usedom.de\/wordpress\/wp-json\/wp\/v2\/types\/page"}],"author":[{"embeddable":true,"href":"https:\/\/lebensart-usedom.de\/wordpress\/wp-json\/wp\/v2\/users\/1"}],"replies":[{"embeddable":true,"href":"https:\/\/lebensart-usedom.de\/wordpress\/wp-json\/wp\/v2\/comments?post=13"}],"version-history":[{"count":10,"href":"https:\/\/lebensart-usedom.de\/wordpress\/wp-json\/wp\/v2\/pages\/13\/revisions"}],"predecessor-version":[{"id":809,"href":"https:\/\/lebensart-usedom.de\/wordpress\/wp-json\/wp\/v2\/pages\/13\/revisions\/809"}],"wp:attachment":[{"href":"https:\/\/lebensart-usedom.de\/wordpress\/wp-json\/wp\/v2\/media?parent=13"}],"curies":[{"name":"wp","href":"https:\/\/api.w.org\/{rel}","templated":true}]}}