{"id":513,"date":"2016-08-17T16:11:07","date_gmt":"2016-08-17T14:11:07","guid":{"rendered":"http:\/\/lebensart-usedom.de\/wordpress\/?page_id=513"},"modified":"2016-08-17T16:11:07","modified_gmt":"2016-08-17T14:11:07","slug":"kundenwuensche","status":"publish","type":"page","link":"https:\/\/lebensart-usedom.de\/wordpress\/kundenwuensche\/","title":{"rendered":"Kundenw\u00fcnsche"},"content":{"rendered":"<p>Sie haben spezielle Vorstellungen oder m\u00f6chten ein Keramikunikat nach Ihren W\u00fcnschen?<br \/>\nDann schreiben Sie mich gerne an. Im nachstehenden Kontakformular k\u00f6nnen Sie Ihre<br \/>\nIdeen und W\u00fcnsche beschreiben. Ich freue mich auf Ihre Nachricht!<\/p>\n","protected":false},"excerpt":{"rendered":"<p>Sie haben spezielle Vorstellungen oder m\u00f6chten ein Keramikunikat nach Ihren W\u00fcnschen? Dann schreiben Sie mich gerne an. Im nachstehenden Kontakformular k\u00f6nnen Sie Ihre Ideen und W\u00fcnsche beschreiben. Ich freue mich auf Ihre Nachricht!<\/p>\n","protected":false},"author":1,"featured_media":0,"parent":0,"menu_order":0,"comment_status":"closed","ping_status":"closed","template":"template-fullwidth.php","meta":{"_bbp_topic_count":0,"_bbp_reply_count":0,"_bbp_total_topic_count":0,"_bbp_total_reply_count":0,"_bbp_voice_count":0,"_bbp_anonymous_reply_count":0,"_bbp_topic_count_hidden":0,"_bbp_reply_count_hidden":0,"_bbp_forum_subforum_count":0},"_links":{"self":[{"href":"https:\/\/lebensart-usedom.de\/wordpress\/wp-json\/wp\/v2\/pages\/513"}],"collection":[{"href":"https:\/\/lebensart-usedom.de\/wordpress\/wp-json\/wp\/v2\/pages"}],"about":[{"href":"https:\/\/lebensart-usedom.de\/wordpress\/wp-json\/wp\/v2\/types\/page"}],"author":[{"embeddable":true,"href":"https:\/\/lebensart-usedom.de\/wordpress\/wp-json\/wp\/v2\/users\/1"}],"replies":[{"embeddable":true,"href":"https:\/\/lebensart-usedom.de\/wordpress\/wp-json\/wp\/v2\/comments?post=513"}],"version-history":[{"count":1,"href":"https:\/\/lebensart-usedom.de\/wordpress\/wp-json\/wp\/v2\/pages\/513\/revisions"}],"predecessor-version":[{"id":514,"href":"https:\/\/lebensart-usedom.de\/wordpress\/wp-json\/wp\/v2\/pages\/513\/revisions\/514"}],"wp:attachment":[{"href":"https:\/\/lebensart-usedom.de\/wordpress\/wp-json\/wp\/v2\/media?parent=513"}],"curies":[{"name":"wp","href":"https:\/\/api.w.org\/{rel}","templated":true}]}}